{"id":6335,"date":"2020-12-14T10:43:37","date_gmt":"2020-12-14T09:43:37","guid":{"rendered":"https:\/\/dev.alaindegen.be\/?page_id=6335"},"modified":"2020-12-14T11:14:41","modified_gmt":"2020-12-14T10:14:41","slug":"stock-manhattan","status":"publish","type":"page","link":"https:\/\/alaindegen.be\/?page_id=6335","title":{"rendered":"Stock Manhattan"},"content":{"rendered":"<p>[vc_row][vc_column css=\u00a0\u00bb.vc_custom_1603829206073{margin-left: 0px !important;}\u00a0\u00bb][vc_empty_space height=\u00a0\u00bb10&Prime;][vc_custom_heading text=\u00a0\u00bbNew-york (Photos sur cadre en stock)\u00a0\u00bb font_container=\u00a0\u00bbtag:h2|text_align:center\u00a0\u00bb google_fonts=\u00a0\u00bbfont_family:Advent%20Pro%3A100%2C200%2C300%2Cregular%2C500%2C600%2C700|font_style:300%20light%20regular%3A300%3Anormal\u00a0\u00bb css_animation=\u00a0\u00bbslideInDown\u00a0\u00bb css=\u00a0\u00bb.vc_custom_1607939046821{margin-left: 0px !important;}\u00a0\u00bb][vc_column_text]<\/p>\n<h5 style=\"text-align: center;\">Dimensions cadre 65&#215;85 cm &#8211; Photo 40&#215;60 cm<br \/>\nNombre de tirages : 9 exemplaires maxi.<br \/>\nTirage professionnel papier ART Baryt\u00e9.<br \/>\nEncadrement noir &#8211; Passe-partout blanc : Photo coll\u00e9e sur dibond en l\u00e9ger retrait du fond.<\/h5>\n<h4 style=\"text-align: center;\"><strong>Prix : <\/strong><\/h4>\n<h4 style=\"text-align: center;\">395 \u20ac TVAC<\/h4>\n<p>[\/vc_column_text][\/vc_column][\/vc_row][vc_row][vc_column][vc_btn title=\u00a0\u00bbClick here to purchase one\u00a0\u00bb color=\u00a0\u00bbchino\u00a0\u00bb size=\u00a0\u00bblg\u00a0\u00bb align=\u00a0\u00bbcenter\u00a0\u00bb css_animation=\u00a0\u00bbfadeInDown\u00a0\u00bb link=\u00a0\u00bburl:https%3A%2F%2Fdev.alaindegen.be%2F%3Fpage_id%3D5215|title:Contact||\u00a0\u00bb][\/vc_column][\/vc_row][vc_row css=\u00a0\u00bb.vc_custom_1603726796925{margin-right: 50px !important;}\u00a0\u00bb][vc_column css_animation=\u00a0\u00bbfadeInUp\u00a0\u00bb css=\u00a0\u00bb.vc_custom_1603830585136{margin-right: 0px !important;margin-left: 50px !important;border-right-width: 0px !important;}\u00a0\u00bb]<div class=\"tography-gallery tography-3-columns masonry\">\t\t\t<div id='tography-gallery-item-6340' class='tography-gallery-item'>\t\t\t\t<a href='https:\/\/alaindegen.be\/wp-content\/uploads\/20201130_204526-scaled.jpg' data-width='2560' data-height='1958'><\/a>\n<img width=\"780\" height=\"597\" src=\"https:\/\/alaindegen.be\/wp-content\/uploads\/20201130_204526-780x597.jpg\" class=\"attachment-tography_portfolio size-tography_portfolio\" alt=\"\" loading=\"lazy\" \/><\/div>\n\t\t\t<div id='tography-gallery-item-6341' class='tography-gallery-item'>\t\t\t\t<a href='https:\/\/alaindegen.be\/wp-content\/uploads\/20201130_204620-scaled.jpg' data-width='2560' data-height='1968'><\/a>\n<img width=\"780\" height=\"600\" src=\"https:\/\/alaindegen.be\/wp-content\/uploads\/20201130_204620-780x600.jpg\" class=\"attachment-tography_portfolio size-tography_portfolio\" alt=\"\" loading=\"lazy\" \/><\/div>\n\t\t\t<div id='tography-gallery-item-6342' class='tography-gallery-item'>\t\t\t\t<a href='https:\/\/alaindegen.be\/wp-content\/uploads\/20201130_204710-scaled.jpg' data-width='2560' data-height='1979'><\/a>\n<img width=\"780\" height=\"603\" src=\"https:\/\/alaindegen.be\/wp-content\/uploads\/20201130_204710-780x603.jpg\" class=\"attachment-tography_portfolio size-tography_portfolio\" alt=\"\" loading=\"lazy\" \/><\/div>\n\t\t\t<div id='tography-gallery-item-6343' class='tography-gallery-item'>\t\t\t\t<a href='https:\/\/alaindegen.be\/wp-content\/uploads\/20201130_204753-scaled.jpg' data-width='2560' data-height='1945'><\/a>\n<img width=\"780\" height=\"593\" src=\"https:\/\/alaindegen.be\/wp-content\/uploads\/20201130_204753-780x593.jpg\" class=\"attachment-tography_portfolio size-tography_portfolio\" alt=\"\" loading=\"lazy\" \/><\/div>\n\t\t\t<div id='tography-gallery-item-6344' class='tography-gallery-item'>\t\t\t\t<a href='https:\/\/alaindegen.be\/wp-content\/uploads\/20201130_204912-scaled.jpg' data-width='2560' data-height='2016'><\/a>\n<img width=\"780\" height=\"614\" src=\"https:\/\/alaindegen.be\/wp-content\/uploads\/20201130_204912-780x614.jpg\" class=\"attachment-tography_portfolio size-tography_portfolio\" alt=\"\" loading=\"lazy\" \/><\/div>\n\t\t\t<div id='tography-gallery-item-6345' class='tography-gallery-item'>\t\t\t\t<a href='https:\/\/alaindegen.be\/wp-content\/uploads\/20201130_205005-scaled.jpg' data-width='2560' data-height='1969'><\/a>\n<img width=\"780\" height=\"600\" src=\"https:\/\/alaindegen.be\/wp-content\/uploads\/20201130_205005-780x600.jpg\" class=\"attachment-tography_portfolio size-tography_portfolio\" alt=\"\" loading=\"lazy\" \/><\/div>\n\t\t\t<div id='tography-gallery-item-6346' class='tography-gallery-item'>\t\t\t\t<a href='https:\/\/alaindegen.be\/wp-content\/uploads\/20201130_205421-scaled.jpg' data-width='2560' data-height='2093'><\/a>\n<img width=\"780\" height=\"638\" src=\"https:\/\/alaindegen.be\/wp-content\/uploads\/20201130_205421-780x638.jpg\" class=\"attachment-tography_portfolio size-tography_portfolio\" alt=\"\" loading=\"lazy\" \/><\/div>\n\t\t\t<div id='tography-gallery-item-6347' class='tography-gallery-item'>\t\t\t\t<a href='https:\/\/alaindegen.be\/wp-content\/uploads\/20201201_171249-scaled.jpg' data-width='2560' data-height='1947'><\/a>\n<img width=\"780\" height=\"593\" src=\"https:\/\/alaindegen.be\/wp-content\/uploads\/20201201_171249-780x593.jpg\" class=\"attachment-tography_portfolio size-tography_portfolio\" alt=\"\" loading=\"lazy\" \/><\/div>\n\t\t\t<div id='tography-gallery-item-6348' class='tography-gallery-item'>\t\t\t\t<a href='https:\/\/alaindegen.be\/wp-content\/uploads\/20201201_171315-scaled.jpg' data-width='2560' data-height='1920'><\/a>\n<img width=\"780\" height=\"585\" src=\"https:\/\/alaindegen.be\/wp-content\/uploads\/20201201_171315-780x585.jpg\" class=\"attachment-tography_portfolio size-tography_portfolio\" alt=\"\" loading=\"lazy\" \/><\/div>\n\t\t\t<div id='tography-gallery-item-6349' class='tography-gallery-item'>\t\t\t\t<a href='https:\/\/alaindegen.be\/wp-content\/uploads\/20201201_171341-scaled.jpg' data-width='2560' data-height='1912'><\/a>\n<img width=\"780\" height=\"582\" src=\"https:\/\/alaindegen.be\/wp-content\/uploads\/20201201_171341-780x582.jpg\" class=\"attachment-tography_portfolio size-tography_portfolio\" alt=\"\" loading=\"lazy\" \/><\/div>\n\t\t\t<div id='tography-gallery-item-6350' class='tography-gallery-item'>\t\t\t\t<a href='https:\/\/alaindegen.be\/wp-content\/uploads\/20201201_171409-scaled.jpg' data-width='2560' data-height='1980'><\/a>\n<img width=\"780\" height=\"603\" src=\"https:\/\/alaindegen.be\/wp-content\/uploads\/20201201_171409-780x603.jpg\" class=\"attachment-tography_portfolio size-tography_portfolio\" alt=\"\" loading=\"lazy\" \/><\/div>\n\t\t\t<div id='tography-gallery-item-6351' class='tography-gallery-item'>\t\t\t\t<a href='https:\/\/alaindegen.be\/wp-content\/uploads\/20201201_171440-scaled.jpg' data-width='2560' data-height='1962'><\/a>\n<img width=\"780\" height=\"598\" src=\"https:\/\/alaindegen.be\/wp-content\/uploads\/20201201_171440-780x598.jpg\" class=\"attachment-tography_portfolio size-tography_portfolio\" alt=\"\" loading=\"lazy\" \/><\/div>\n\t\t\t<div id='tography-gallery-item-6352' class='tography-gallery-item'>\t\t\t\t<a href='https:\/\/alaindegen.be\/wp-content\/uploads\/20201201_171502-scaled.jpg' data-width='2560' data-height='1951'><\/a>\n<img width=\"780\" height=\"594\" src=\"https:\/\/alaindegen.be\/wp-content\/uploads\/20201201_171502-780x594.jpg\" class=\"attachment-tography_portfolio size-tography_portfolio\" alt=\"\" loading=\"lazy\" \/><\/div>\n<\/div><!-- \/.tography-gallery-->[\/vc_column][\/vc_row]<\/p>\n","protected":false},"excerpt":{"rendered":"<p>[vc_row][vc_column css=\u00a0\u00bb.vc_custom_1603829206073{margin-left: 0px !important;}\u00a0\u00bb][vc_empty_space height=\u00a0\u00bb10&Prime;][vc_custom_heading text=\u00a0\u00bbNew-york (Photos sur cadre en stock)\u00a0\u00bb font_container=\u00a0\u00bbtag:h2|text_align:center\u00a0\u00bb google_fonts=\u00a0\u00bbfont_family:Advent%20Pro%3A100%2C200%2C300%2Cregular%2C500%2C600%2C700|font_style:300%20light%20regular%3A300%3Anormal\u00a0\u00bb css_animation=\u00a0\u00bbslideInDown\u00a0\u00bb css=\u00a0\u00bb.vc_custom_1607939046821{margin-left: 0px !important;}\u00a0\u00bb][vc_column_text] Dimensions cadre 65&#215;85 cm &#8211; Photo 40&#215;60 cm Nombre de tirages : 9 exemplaires maxi. Tirage professionnel papier ART Baryt\u00e9. Encadrement noir &#8211; Passe-partout blanc : Photo coll\u00e9e sur dibond en l\u00e9ger retrait du fond. Prix : 395 [&hellip;]<\/p>\n","protected":false},"author":1,"featured_media":0,"parent":0,"menu_order":0,"comment_status":"closed","ping_status":"closed","template":"template-fullscreen.php","meta":[],"_links":{"self":[{"href":"https:\/\/alaindegen.be\/index.php?rest_route=\/wp\/v2\/pages\/6335"}],"collection":[{"href":"https:\/\/alaindegen.be\/index.php?rest_route=\/wp\/v2\/pages"}],"about":[{"href":"https:\/\/alaindegen.be\/index.php?rest_route=\/wp\/v2\/types\/page"}],"author":[{"embeddable":true,"href":"https:\/\/alaindegen.be\/index.php?rest_route=\/wp\/v2\/users\/1"}],"replies":[{"embeddable":true,"href":"https:\/\/alaindegen.be\/index.php?rest_route=%2Fwp%2Fv2%2Fcomments&post=6335"}],"version-history":[{"count":6,"href":"https:\/\/alaindegen.be\/index.php?rest_route=\/wp\/v2\/pages\/6335\/revisions"}],"predecessor-version":[{"id":6355,"href":"https:\/\/alaindegen.be\/index.php?rest_route=\/wp\/v2\/pages\/6335\/revisions\/6355"}],"wp:attachment":[{"href":"https:\/\/alaindegen.be\/index.php?rest_route=%2Fwp%2Fv2%2Fmedia&parent=6335"}],"curies":[{"name":"wp","href":"https:\/\/api.w.org\/{rel}","templated":true}]}}